{"id":1102,"date":"2023-06-14T06:18:24","date_gmt":"2023-06-14T03:18:24","guid":{"rendered":"https:\/\/cecelidemir.com\/?page_id=1102"},"modified":"2024-02-05T07:59:15","modified_gmt":"2024-02-05T07:59:15","slug":"kaynakli-imalat","status":"publish","type":"page","link":"https:\/\/cecelidemir.com\/index.php\/kaynakli-imalat\/","title":{"rendered":"Kaynakl\u0131 \u0130malat"},"content":{"rendered":"\t\t<div data-elementor-type=\"wp-page\" data-elementor-id=\"1102\" class=\"elementor elementor-1102\">\n\t\t\t\t\t\t<section class=\"elementor-section elementor-top-section elementor-element elementor-element-0b413ef elementor-section-boxed elementor-section-height-default elementor-section-height-default\" data-id=\"0b413ef\" data-element_type=\"section\" data-e-type=\"section\">\n\t\t\t\t\t\t<div class=\"elementor-container elementor-column-gap-default\">\n\t\t\t\t\t<div class=\"elementor-column elementor-col-100 elementor-top-column elementor-element elementor-element-4014955\" data-id=\"4014955\" data-element_type=\"column\" data-e-type=\"column\">\n\t\t\t<div class=\"elementor-widget-wrap elementor-element-populated\">\n\t\t\t\t\t\t<div class=\"elementor-element elementor-element-14d36e3 elementor-widget elementor-widget-text-editor\" data-id=\"14d36e3\" data-element_type=\"widget\" data-e-type=\"widget\" data-widget_type=\"text-editor.default\">\n\t\t\t\t<div class=\"elementor-widget-container\">\n\t\t\t\t\t\t\t\t\t<p class=\"p1\">M\u00fc\u015fteri ihtiya\u00e7lar\u0131na \u00e7\u00f6z\u00fcm \u00fcretmeyi her zaman \u00f6nceli\u011fimiz olarak g\u00f6rd\u00fc\u011f\u00fcm\u00fcz i\u00e7in kaynakl\u0131 imalat ihtiya\u00e7lar\u0131nda da <b>proje a\u015famas\u0131ndan \u00fcr\u00fcnlerin paketlenmesine <\/b>kadar imalat\u0131n her a\u015famas\u0131nda m\u00fc\u015fterilerimizin <b>\u00e7\u00f6z\u00fcm orta\u011f\u0131 <\/b>olmaktay\u0131z.<\/p><p class=\"p1\">\u0130\u015f birli\u011fi ruhuyla \u00e7al\u0131\u015farak imalat s\u00fcre\u00e7lerini titizlikle y\u00f6netiyor, en uygun \u00e7\u00f6z\u00fcmleri sunarak m\u00fc\u015fterilerimizin projelerini <b>zaman\u0131nda <\/b>ve <b>b\u00fct\u00e7eleri dahilinde <\/b>tamamlamalar\u0131 i\u00e7in \u00e7al\u0131\u015f\u0131yoruz.<\/p><p class=\"p1\"><b>Lazer, plazma <\/b>ve <b>giyotin <\/b>kesim kapasitemiz ile \u00f6n haz\u0131rl\u0131k a\u015famalar\u0131nda sundu\u011fumuz hizmetlere ilave olarak ileri teknoloji makine parkurumuzda yer alan <b>Argon (TIG)<\/b>, <b>Gazalt\u0131 (MIG\/MAG) <\/b>ve <b>Tozalt\u0131 (SAW) <\/b>kaynak makinelerimiz ve profesyonel ekibimiz sayesinde en \u00fcst d\u00fczeyde kaliteli \u00e7elik konstr\u00fcksiyon imalat\u0131 yap\u0131yoruz.<\/p><p class=\"p1\">Sahip oldu\u011fumuz <b>EN ISO 1090-2 EXC3 <\/b>\u00c7elik Yap\u0131 Elemanlar\u0131 \u0130\u00e7in Teknik Gereklilikler ve <b>EN ISO 3834-2 <\/b>Kaynakl\u0131 \u0130malata Yeterlilik belgeleri ile de yapm\u0131\u015f oldu\u011fumuz <b>kaynakl\u0131 imalat\u0131n <\/b><b>kalitesini <\/b>belgelendiriyoruz.<\/p>\t\t\t\t\t\t\t\t<\/div>\n\t\t\t\t<\/div>\n\t\t\t\t\t<\/div>\n\t\t<\/div>\n\t\t\t\t\t<\/div>\n\t\t<\/section>\n\t\t\t\t<section class=\"elementor-section elementor-top-section elementor-element elementor-element-1339aa4 elementor-section-boxed elementor-section-height-default elementor-section-height-default\" data-id=\"1339aa4\" data-element_type=\"section\" data-e-type=\"section\">\n\t\t\t\t\t\t<div class=\"elementor-container elementor-column-gap-default\">\n\t\t\t\t\t<div class=\"elementor-column elementor-col-100 elementor-top-column elementor-element elementor-element-13caca2\" data-id=\"13caca2\" data-element_type=\"column\" data-e-type=\"column\">\n\t\t\t<div class=\"elementor-widget-wrap elementor-element-populated\">\n\t\t\t\t\t\t<div class=\"elementor-element elementor-element-794d19a gallery-spacing-custom elementor-widget elementor-widget-image-gallery\" data-id=\"794d19a\" data-element_type=\"widget\" data-e-type=\"widget\" data-widget_type=\"image-gallery.default\">\n\t\t\t\t<div class=\"elementor-widget-container\">\n\t\t\t\t\t\t\t<div class=\"elementor-image-gallery\">\n\t\t\t<div id='gallery-1' class='gallery galleryid-1102 gallery-columns-5 gallery-size-thumbnail'><figure class='gallery-item'>\n\t\t\t<div class='gallery-icon landscape'>\n\t\t\t\t<a data-elementor-open-lightbox=\"yes\" data-elementor-lightbox-slideshow=\"794d19a\" data-elementor-lightbox-title=\"Orta f1\" data-e-action-hash=\"#elementor-action%3Aaction%3Dlightbox%26settings%3DeyJpZCI6MTU2OSwidXJsIjoiaHR0cHM6XC9cL2NlY2VsaWRlbWlyLmNvbVwvd3AtY29udGVudFwvdXBsb2Fkc1wvMjAyNFwvMDJcL09ydGEtZjEucG5nIiwic2xpZGVzaG93IjoiNzk0ZDE5YSJ9\" href='https:\/\/cecelidemir.com\/wp-content\/uploads\/2024\/02\/Orta-f1.png'><img decoding=\"async\" width=\"150\" height=\"150\" src=\"https:\/\/cecelidemir.com\/wp-content\/uploads\/2024\/02\/Orta-f1-150x150.png\" class=\"attachment-thumbnail size-thumbnail\" alt=\"\" \/><\/a>\n\t\t\t<\/div><\/figure><figure class='gallery-item'>\n\t\t\t<div class='gallery-icon portrait'>\n\t\t\t\t<a data-elementor-open-lightbox=\"yes\" data-elementor-lightbox-slideshow=\"794d19a\" data-elementor-lightbox-title=\"Orta IMG_5486\" data-e-action-hash=\"#elementor-action%3Aaction%3Dlightbox%26settings%3DeyJpZCI6MTU3OCwidXJsIjoiaHR0cHM6XC9cL2NlY2VsaWRlbWlyLmNvbVwvd3AtY29udGVudFwvdXBsb2Fkc1wvMjAyNFwvMDJcL09ydGEtSU1HXzU0ODYucG5nIiwic2xpZGVzaG93IjoiNzk0ZDE5YSJ9\" href='https:\/\/cecelidemir.com\/wp-content\/uploads\/2024\/02\/Orta-IMG_5486.png'><img decoding=\"async\" width=\"150\" height=\"150\" src=\"https:\/\/cecelidemir.com\/wp-content\/uploads\/2024\/02\/Orta-IMG_5486-150x150.png\" class=\"attachment-thumbnail size-thumbnail\" alt=\"\" \/><\/a>\n\t\t\t<\/div><\/figure><figure class='gallery-item'>\n\t\t\t<div class='gallery-icon landscape'>\n\t\t\t\t<a data-elementor-open-lightbox=\"yes\" data-elementor-lightbox-slideshow=\"794d19a\" data-elementor-lightbox-title=\"Orta IMG_0779\" data-e-action-hash=\"#elementor-action%3Aaction%3Dlightbox%26settings%3DeyJpZCI6MTU3MiwidXJsIjoiaHR0cHM6XC9cL2NlY2VsaWRlbWlyLmNvbVwvd3AtY29udGVudFwvdXBsb2Fkc1wvMjAyNFwvMDJcL09ydGEtSU1HXzA3NzkucG5nIiwic2xpZGVzaG93IjoiNzk0ZDE5YSJ9\" href='https:\/\/cecelidemir.com\/wp-content\/uploads\/2024\/02\/Orta-IMG_0779.png'><img decoding=\"async\" width=\"150\" height=\"150\" src=\"https:\/\/cecelidemir.com\/wp-content\/uploads\/2024\/02\/Orta-IMG_0779-150x150.png\" class=\"attachment-thumbnail size-thumbnail\" alt=\"\" \/><\/a>\n\t\t\t<\/div><\/figure><figure class='gallery-item'>\n\t\t\t<div class='gallery-icon landscape'>\n\t\t\t\t<a data-elementor-open-lightbox=\"yes\" data-elementor-lightbox-slideshow=\"794d19a\" data-elementor-lightbox-title=\"Orta Son Kat Boya\" data-e-action-hash=\"#elementor-action%3Aaction%3Dlightbox%26settings%3DeyJpZCI6MTU4MCwidXJsIjoiaHR0cHM6XC9cL2NlY2VsaWRlbWlyLmNvbVwvd3AtY29udGVudFwvdXBsb2Fkc1wvMjAyNFwvMDJcL09ydGEtU29uLUthdC1Cb3lhLnBuZyIsInNsaWRlc2hvdyI6Ijc5NGQxOWEifQ%3D%3D\" href='https:\/\/cecelidemir.com\/wp-content\/uploads\/2024\/02\/Orta-Son-Kat-Boya.png'><img loading=\"lazy\" decoding=\"async\" width=\"150\" height=\"150\" src=\"https:\/\/cecelidemir.com\/wp-content\/uploads\/2024\/02\/Orta-Son-Kat-Boya-150x150.png\" class=\"attachment-thumbnail size-thumbnail\" alt=\"\" \/><\/a>\n\t\t\t<\/div><\/figure><figure class='gallery-item'>\n\t\t\t<div class='gallery-icon landscape'>\n\t\t\t\t<a data-elementor-open-lightbox=\"yes\" data-elementor-lightbox-slideshow=\"794d19a\" data-elementor-lightbox-title=\"Orta IMG_9397\" data-e-action-hash=\"#elementor-action%3Aaction%3Dlightbox%26settings%3DeyJpZCI6MTU3OSwidXJsIjoiaHR0cHM6XC9cL2NlY2VsaWRlbWlyLmNvbVwvd3AtY29udGVudFwvdXBsb2Fkc1wvMjAyNFwvMDJcL09ydGEtSU1HXzkzOTcucG5nIiwic2xpZGVzaG93IjoiNzk0ZDE5YSJ9\" href='https:\/\/cecelidemir.com\/wp-content\/uploads\/2024\/02\/Orta-IMG_9397.png'><img loading=\"lazy\" decoding=\"async\" width=\"150\" height=\"150\" src=\"https:\/\/cecelidemir.com\/wp-content\/uploads\/2024\/02\/Orta-IMG_9397-150x150.png\" class=\"attachment-thumbnail size-thumbnail\" alt=\"\" \/><\/a>\n\t\t\t<\/div><\/figure><figure class='gallery-item'>\n\t\t\t<div class='gallery-icon portrait'>\n\t\t\t\t<a data-elementor-open-lightbox=\"yes\" data-elementor-lightbox-slideshow=\"794d19a\" data-elementor-lightbox-title=\"Orta IMG_5476\" data-e-action-hash=\"#elementor-action%3Aaction%3Dlightbox%26settings%3DeyJpZCI6MTU3NSwidXJsIjoiaHR0cHM6XC9cL2NlY2VsaWRlbWlyLmNvbVwvd3AtY29udGVudFwvdXBsb2Fkc1wvMjAyNFwvMDJcL09ydGEtSU1HXzU0NzYucG5nIiwic2xpZGVzaG93IjoiNzk0ZDE5YSJ9\" href='https:\/\/cecelidemir.com\/wp-content\/uploads\/2024\/02\/Orta-IMG_5476.png'><img loading=\"lazy\" decoding=\"async\" width=\"150\" height=\"150\" src=\"https:\/\/cecelidemir.com\/wp-content\/uploads\/2024\/02\/Orta-IMG_5476-150x150.png\" class=\"attachment-thumbnail size-thumbnail\" alt=\"\" \/><\/a>\n\t\t\t<\/div><\/figure><figure class='gallery-item'>\n\t\t\t<div class='gallery-icon portrait'>\n\t\t\t\t<a data-elementor-open-lightbox=\"yes\" data-elementor-lightbox-slideshow=\"794d19a\" data-elementor-lightbox-title=\"Orta f2\" data-e-action-hash=\"#elementor-action%3Aaction%3Dlightbox%26settings%3DeyJpZCI6MTU3MCwidXJsIjoiaHR0cHM6XC9cL2NlY2VsaWRlbWlyLmNvbVwvd3AtY29udGVudFwvdXBsb2Fkc1wvMjAyNFwvMDJcL09ydGEtZjIucG5nIiwic2xpZGVzaG93IjoiNzk0ZDE5YSJ9\" href='https:\/\/cecelidemir.com\/wp-content\/uploads\/2024\/02\/Orta-f2.png'><img loading=\"lazy\" decoding=\"async\" width=\"150\" height=\"150\" src=\"https:\/\/cecelidemir.com\/wp-content\/uploads\/2024\/02\/Orta-f2-150x150.png\" class=\"attachment-thumbnail size-thumbnail\" alt=\"\" srcset=\"https:\/\/cecelidemir.com\/wp-content\/uploads\/2024\/02\/Orta-f2-150x150.png 150w, https:\/\/cecelidemir.com\/wp-content\/uploads\/2024\/02\/Orta-f2-404x400.png 404w\" sizes=\"(max-width: 150px) 100vw, 150px\" \/><\/a>\n\t\t\t<\/div><\/figure><figure class='gallery-item'>\n\t\t\t<div class='gallery-icon landscape'>\n\t\t\t\t<a data-elementor-open-lightbox=\"yes\" data-elementor-lightbox-slideshow=\"794d19a\" data-elementor-lightbox-title=\"Orta IMG_5474\" data-e-action-hash=\"#elementor-action%3Aaction%3Dlightbox%26settings%3DeyJpZCI6MTU3NCwidXJsIjoiaHR0cHM6XC9cL2NlY2VsaWRlbWlyLmNvbVwvd3AtY29udGVudFwvdXBsb2Fkc1wvMjAyNFwvMDJcL09ydGEtSU1HXzU0NzQucG5nIiwic2xpZGVzaG93IjoiNzk0ZDE5YSJ9\" href='https:\/\/cecelidemir.com\/wp-content\/uploads\/2024\/02\/Orta-IMG_5474.png'><img loading=\"lazy\" decoding=\"async\" width=\"150\" height=\"150\" src=\"https:\/\/cecelidemir.com\/wp-content\/uploads\/2024\/02\/Orta-IMG_5474-150x150.png\" class=\"attachment-thumbnail size-thumbnail\" alt=\"\" \/><\/a>\n\t\t\t<\/div><\/figure><figure class='gallery-item'>\n\t\t\t<div class='gallery-icon landscape'>\n\t\t\t\t<a data-elementor-open-lightbox=\"yes\" data-elementor-lightbox-slideshow=\"794d19a\" data-elementor-lightbox-title=\"Orta IMG_5485\" data-e-action-hash=\"#elementor-action%3Aaction%3Dlightbox%26settings%3DeyJpZCI6MTU3NywidXJsIjoiaHR0cHM6XC9cL2NlY2VsaWRlbWlyLmNvbVwvd3AtY29udGVudFwvdXBsb2Fkc1wvMjAyNFwvMDJcL09ydGEtSU1HXzU0ODUucG5nIiwic2xpZGVzaG93IjoiNzk0ZDE5YSJ9\" href='https:\/\/cecelidemir.com\/wp-content\/uploads\/2024\/02\/Orta-IMG_5485.png'><img loading=\"lazy\" decoding=\"async\" width=\"150\" height=\"150\" src=\"https:\/\/cecelidemir.com\/wp-content\/uploads\/2024\/02\/Orta-IMG_5485-150x150.png\" class=\"attachment-thumbnail size-thumbnail\" alt=\"\" \/><\/a>\n\t\t\t<\/div><\/figure><figure class='gallery-item'>\n\t\t\t<div class='gallery-icon landscape'>\n\t\t\t\t<a data-elementor-open-lightbox=\"yes\" data-elementor-lightbox-slideshow=\"794d19a\" data-elementor-lightbox-title=\"Orta IMG_5484\" data-e-action-hash=\"#elementor-action%3Aaction%3Dlightbox%26settings%3DeyJpZCI6MTU3NiwidXJsIjoiaHR0cHM6XC9cL2NlY2VsaWRlbWlyLmNvbVwvd3AtY29udGVudFwvdXBsb2Fkc1wvMjAyNFwvMDJcL09ydGEtSU1HXzU0ODQucG5nIiwic2xpZGVzaG93IjoiNzk0ZDE5YSJ9\" href='https:\/\/cecelidemir.com\/wp-content\/uploads\/2024\/02\/Orta-IMG_5484.png'><img loading=\"lazy\" decoding=\"async\" width=\"150\" height=\"150\" src=\"https:\/\/cecelidemir.com\/wp-content\/uploads\/2024\/02\/Orta-IMG_5484-150x150.png\" class=\"attachment-thumbnail size-thumbnail\" alt=\"\" \/><\/a>\n\t\t\t<\/div><\/figure><figure class='gallery-item'>\n\t\t\t<div class='gallery-icon landscape'>\n\t\t\t\t<a data-elementor-open-lightbox=\"yes\" data-elementor-lightbox-slideshow=\"794d19a\" data-elementor-lightbox-title=\"Orta fabrication\" data-e-action-hash=\"#elementor-action%3Aaction%3Dlightbox%26settings%3DeyJpZCI6MTU3MSwidXJsIjoiaHR0cHM6XC9cL2NlY2VsaWRlbWlyLmNvbVwvd3AtY29udGVudFwvdXBsb2Fkc1wvMjAyNFwvMDJcL09ydGEtZmFicmljYXRpb24ucG5nIiwic2xpZGVzaG93IjoiNzk0ZDE5YSJ9\" href='https:\/\/cecelidemir.com\/wp-content\/uploads\/2024\/02\/Orta-fabrication.png'><img loading=\"lazy\" decoding=\"async\" width=\"150\" height=\"150\" src=\"https:\/\/cecelidemir.com\/wp-content\/uploads\/2024\/02\/Orta-fabrication-150x150.png\" class=\"attachment-thumbnail size-thumbnail\" alt=\"\" \/><\/a>\n\t\t\t<\/div><\/figure><figure class='gallery-item'>\n\t\t\t<div class='gallery-icon portrait'>\n\t\t\t\t<a data-elementor-open-lightbox=\"yes\" data-elementor-lightbox-slideshow=\"794d19a\" data-elementor-lightbox-title=\"Orta IMG_1035\" data-e-action-hash=\"#elementor-action%3Aaction%3Dlightbox%26settings%3DeyJpZCI6MTU3MywidXJsIjoiaHR0cHM6XC9cL2NlY2VsaWRlbWlyLmNvbVwvd3AtY29udGVudFwvdXBsb2Fkc1wvMjAyNFwvMDJcL09ydGEtSU1HXzEwMzUucG5nIiwic2xpZGVzaG93IjoiNzk0ZDE5YSJ9\" href='https:\/\/cecelidemir.com\/wp-content\/uploads\/2024\/02\/Orta-IMG_1035.png'><img loading=\"lazy\" decoding=\"async\" width=\"150\" height=\"150\" src=\"https:\/\/cecelidemir.com\/wp-content\/uploads\/2024\/02\/Orta-IMG_1035-150x150.png\" class=\"attachment-thumbnail size-thumbnail\" alt=\"\" \/><\/a>\n\t\t\t<\/div><\/figure>\n\t\t<\/div>\n\t\t<\/div>\n\t\t\t\t\t\t<\/div>\n\t\t\t\t<\/div>\n\t\t\t\t\t<\/div>\n\t\t<\/div>\n\t\t\t\t\t<\/div>\n\t\t<\/section>\n\t\t\t\t<\/div>\n\t\t","protected":false},"excerpt":{"rendered":"<p>M\u00fc\u015fteri ihtiya\u00e7lar\u0131na \u00e7\u00f6z\u00fcm \u00fcretmeyi her zaman \u00f6nceli\u011fimiz olarak g\u00f6rd\u00fc\u011f\u00fcm\u00fcz i\u00e7in kaynakl\u0131 imalat ihtiya\u00e7lar\u0131nda da proje a\u015famas\u0131ndan \u00fcr\u00fcnlerin paketlenmesine kadar imalat\u0131n her a\u015famas\u0131nda [&hellip;]<\/p>\n","protected":false},"author":1,"featured_media":0,"parent":0,"menu_order":0,"comment_status":"closed","ping_status":"closed","template":"","meta":{"footnotes":""},"class_list":["post-1102","page","type-page","status-publish","hentry"],"_links":{"self":[{"href":"https:\/\/cecelidemir.com\/index.php\/wp-json\/wp\/v2\/pages\/1102","targetHints":{"allow":["GET"]}}],"collection":[{"href":"https:\/\/cecelidemir.com\/index.php\/wp-json\/wp\/v2\/pages"}],"about":[{"href":"https:\/\/cecelidemir.com\/index.php\/wp-json\/wp\/v2\/types\/page"}],"author":[{"embeddable":true,"href":"https:\/\/cecelidemir.com\/index.php\/wp-json\/wp\/v2\/users\/1"}],"replies":[{"embeddable":true,"href":"https:\/\/cecelidemir.com\/index.php\/wp-json\/wp\/v2\/comments?post=1102"}],"version-history":[{"count":6,"href":"https:\/\/cecelidemir.com\/index.php\/wp-json\/wp\/v2\/pages\/1102\/revisions"}],"predecessor-version":[{"id":1583,"href":"https:\/\/cecelidemir.com\/index.php\/wp-json\/wp\/v2\/pages\/1102\/revisions\/1583"}],"wp:attachment":[{"href":"https:\/\/cecelidemir.com\/index.php\/wp-json\/wp\/v2\/media?parent=1102"}],"curies":[{"name":"wp","href":"https:\/\/api.w.org\/{rel}","templated":true}]}}