{"id":192,"date":"2018-10-01T13:41:52","date_gmt":"2018-10-01T10:41:52","guid":{"rendered":"https:\/\/cecelidemir.com\/?page_id=192"},"modified":"2024-02-05T08:56:17","modified_gmt":"2024-02-05T08:56:17","slug":"soguk-haddelenmis-sac-cr","status":"publish","type":"page","link":"https:\/\/cecelidemir.com\/index.php\/soguk-haddelenmis-sac-cr\/","title":{"rendered":"So\u011fuk Haddelenmi\u015f Sac (CR) &#8211; DKP"},"content":{"rendered":"\t\t<div data-elementor-type=\"wp-page\" data-elementor-id=\"192\" class=\"elementor elementor-192\">\n\t\t\t\t\t\t<section class=\"elementor-section elementor-top-section elementor-element elementor-element-507f10b elementor-section-boxed elementor-section-height-default elementor-section-height-default\" data-id=\"507f10b\" data-element_type=\"section\" data-e-type=\"section\">\n\t\t\t\t\t\t<div class=\"elementor-container elementor-column-gap-default\">\n\t\t\t\t\t<div class=\"elementor-column elementor-col-50 elementor-top-column elementor-element elementor-element-f824a66\" data-id=\"f824a66\" data-element_type=\"column\" data-e-type=\"column\">\n\t\t\t<div class=\"elementor-widget-wrap elementor-element-populated\">\n\t\t\t\t\t\t<div class=\"elementor-element elementor-element-7fc6556 elementor-widget elementor-widget-text-editor\" data-id=\"7fc6556\" data-element_type=\"widget\" data-e-type=\"widget\" data-widget_type=\"text-editor.default\">\n\t\t\t\t<div class=\"elementor-widget-container\">\n\t\t\t\t\t\t\t\t\t<p style=\"padding: 0px; margin: 0px; -webkit-tap-highlight-color: transparent; color: #646266; font-family: Verdana, sans-serif;\"><span style=\"color: #000000;\"><strong style=\"padding: 0px; margin: 0px; -webkit-tap-highlight-color: transparent;\">Euro Kalite\u00a0<\/strong>:\u00a0DC01 &#8211; DC03 &#8211; DC04 &#8211; DC05<\/span><\/p><p style=\"padding: 0px; margin: 0px; -webkit-tap-highlight-color: transparent; color: #646266; font-family: Verdana, sans-serif;\">\u00a0<\/p><p style=\"padding: 0px; margin: 0px; -webkit-tap-highlight-color: transparent; color: #646266; font-family: Verdana, sans-serif;\"><span style=\"color: #000000;\"><strong style=\"padding: 0px; margin: 0px; -webkit-tap-highlight-color: transparent;\">Erdemir Kalite\u00a0<\/strong>:\u00a06112 &#8211; 6113 &#8211; 6114 &#8211; 6115 -7114<\/span><\/p><p style=\"padding: 0px; margin: 0px; -webkit-tap-highlight-color: transparent; color: #646266; font-family: Verdana, sans-serif;\">\u00a0<\/p><p style=\"padding: 0px; margin: 0px; -webkit-tap-highlight-color: transparent; color: #646266; font-family: Verdana, sans-serif;\"><span style=\"color: #000000;\"><strong style=\"padding: 0px; margin: 0px; -webkit-tap-highlight-color: transparent;\">Geni\u015flik\u00a0<\/strong>:\u00a01000 &#8211; 1500 mm<\/span><\/p><p style=\"padding: 0px; margin: 0px; -webkit-tap-highlight-color: transparent; color: #646266; font-family: Verdana, sans-serif;\">\u00a0<\/p><p style=\"padding: 0px; margin: 0px; -webkit-tap-highlight-color: transparent; color: #646266; font-family: Verdana, sans-serif;\"><span style=\"color: #000000;\"><strong style=\"padding: 0px; margin: 0px; -webkit-tap-highlight-color: transparent;\">Et Kal\u0131nl\u0131\u011f\u0131\u00a0<\/strong>:\u00a00,30 &#8211; 2,00 mm<\/span><\/p>\t\t\t\t\t\t\t\t<\/div>\n\t\t\t\t<\/div>\n\t\t\t\t\t<\/div>\n\t\t<\/div>\n\t\t\t\t<div class=\"elementor-column elementor-col-50 elementor-top-column elementor-element elementor-element-8b6aa9b\" data-id=\"8b6aa9b\" data-element_type=\"column\" data-e-type=\"column\">\n\t\t\t<div class=\"elementor-widget-wrap elementor-element-populated\">\n\t\t\t\t\t\t<div class=\"elementor-element elementor-element-7aab615 elementor-widget elementor-widget-image\" data-id=\"7aab615\" data-element_type=\"widget\" data-e-type=\"widget\" data-widget_type=\"image.default\">\n\t\t\t\t<div class=\"elementor-widget-container\">\n\t\t\t\t\t\t\t\t\t\t\t\t\t\t\t<img fetchpriority=\"high\" decoding=\"async\" width=\"1024\" height=\"576\" src=\"https:\/\/cecelidemir.com\/wp-content\/uploads\/2024\/02\/DKP-sac.webp\" class=\"attachment-large size-large wp-image-1654\" alt=\"\" srcset=\"https:\/\/cecelidemir.com\/wp-content\/uploads\/2024\/02\/DKP-sac.webp 1024w, https:\/\/cecelidemir.com\/wp-content\/uploads\/2024\/02\/DKP-sac-300x169.webp 300w, https:\/\/cecelidemir.com\/wp-content\/uploads\/2024\/02\/DKP-sac-768x432.webp 768w, https:\/\/cecelidemir.com\/wp-content\/uploads\/2024\/02\/DKP-sac-1000x563.webp 1000w, https:\/\/cecelidemir.com\/wp-content\/uploads\/2024\/02\/DKP-sac-230x129.webp 230w, https:\/\/cecelidemir.com\/wp-content\/uploads\/2024\/02\/DKP-sac-350x197.webp 350w, https:\/\/cecelidemir.com\/wp-content\/uploads\/2024\/02\/DKP-sac-480x270.webp 480w\" sizes=\"(max-width: 1024px) 100vw, 1024px\" \/>\t\t\t\t\t\t\t\t\t\t\t\t\t\t\t<\/div>\n\t\t\t\t<\/div>\n\t\t\t\t\t<\/div>\n\t\t<\/div>\n\t\t\t\t\t<\/div>\n\t\t<\/section>\n\t\t\t\t<section class=\"elementor-section elementor-top-section elementor-element elementor-element-5886270 elementor-section-boxed elementor-section-height-default elementor-section-height-default\" data-id=\"5886270\" data-element_type=\"section\" data-e-type=\"section\">\n\t\t\t\t\t\t<div class=\"elementor-container elementor-column-gap-default\">\n\t\t\t\t\t<div class=\"elementor-column elementor-col-100 elementor-top-column elementor-element elementor-element-592c48d\" data-id=\"592c48d\" data-element_type=\"column\" data-e-type=\"column\">\n\t\t\t<div class=\"elementor-widget-wrap elementor-element-populated\">\n\t\t\t\t\t\t<div class=\"elementor-element elementor-element-aed32eb elementor-widget elementor-widget-text-editor\" data-id=\"aed32eb\" data-element_type=\"widget\" data-e-type=\"widget\" data-widget_type=\"text-editor.default\">\n\t\t\t\t<div class=\"elementor-widget-container\">\n\t\t\t\t\t\t\t\t\t<p>So\u011fuk haddelenmi\u015f saclar (CR), \u00e7elik end\u00fcstrisinde yayg\u0131n olarak kullan\u0131lan ve \u00e7e\u015fitli uygulamalarda m\u00fckemmel bir performans sa\u011flayan \u00e7elik \u00fcr\u00fcnleridir. Bu saclar, s\u0131cak haddelenmi\u015f \u00e7elik levhalar\u0131n so\u011futulmas\u0131 ve daha sonra \u00f6zel bir haddeleme prosesiyle d\u00fc\u015f\u00fck s\u0131cakl\u0131kta yeniden \u015fekillendirilmesiyle elde edilir. So\u011fuk haddelenme i\u015flemi, \u00e7elik levhalar\u0131n y\u00fczey kalitesini art\u0131r\u0131r, daha keskin kenarlar ve daha homojen bir kal\u0131nl\u0131k da\u011f\u0131l\u0131m\u0131 sa\u011flar.<\/p><p>So\u011fuk haddelenmi\u015f saclar, genellikle s\u0131n\u0131f\u0131 DC01, DC03, DC04 gibi \u00e7e\u015fitli s\u0131n\u0131flarda ve kalitelerde \u00fcretilir. Bu saclar, y\u00fcksek hassasiyetli \u00f6l\u00e7\u00fclerde \u00fcretildi\u011finden dolay\u0131 ince tolerans gerektiren end\u00fcstrilerde yayg\u0131n olarak tercih edilir. Ayr\u0131ca, so\u011fuk haddelenmi\u015f saclar, otomotiv, beyaz e\u015fya, elektronik cihazlar, yap\u0131 malzemeleri ve ambalaj gibi bir\u00e7ok sekt\u00f6rde kullan\u0131l\u0131r.<\/p><p>So\u011fuk haddelenmi\u015f saclar\u0131n bir\u00e7ok avantaj\u0131 vard\u0131r. \u0130yi \u015fekillendirilebilme \u00f6zellikleri sayesinde karma\u015f\u0131k par\u00e7alar\u0131n \u00fcretiminde kullan\u0131labilirler. Ayn\u0131 zamanda m\u00fckemmel y\u00fczey kalitesine sahiptirler, bu da boyama, kaplama veya di\u011fer y\u00fczey i\u015flemleri i\u00e7in ideal bir zemin sa\u011flar. So\u011fuk haddelenmi\u015f saclar ayn\u0131 zamanda y\u00fcksek mukavemet, d\u00fc\u015f\u00fck deformasyon ve iyi kaynaklanabilirlik gibi mekanik \u00f6zelliklere de sahiptir.<\/p><p>So\u011fuk haddelenmi\u015f saclar\u0131n d\u00fc\u015f\u00fck karbon i\u00e7eri\u011fi, y\u00fcksek safl\u0131k ve homojenlikleri, m\u00fckemmel mekanik \u00f6zelliklerin yan\u0131 s\u0131ra korozyon direncini de art\u0131r\u0131r. Bu da so\u011fuk haddelenmi\u015f saclar\u0131n uzun \u00f6m\u00fcrl\u00fc ve dayan\u0131kl\u0131 olmalar\u0131n\u0131 sa\u011flar.<\/p><p>Sonu\u00e7 olarak, so\u011fuk haddelenmi\u015f saclar, y\u00fcksek hassasiyet, m\u00fckemmel y\u00fczey kalitesi, iyi \u015fekillendirilebilirlik ve geni\u015f uygulama yelpazesi gibi \u00f6zellikleriyle \u00f6n plana \u00e7\u0131kar. Bu saclar, end\u00fcstriyel \u00fcretimde, otomotiv sekt\u00f6r\u00fcnde, elektronik e\u015fyalar\u0131n imalat\u0131nda, yap\u0131 malzemelerinde ve daha bir\u00e7ok alanda kullan\u0131lan g\u00fcvenilir ve \u00e7ok y\u00f6nl\u00fc bir malzemedir.<\/p>\t\t\t\t\t\t\t\t<\/div>\n\t\t\t\t<\/div>\n\t\t\t\t\t<\/div>\n\t\t<\/div>\n\t\t\t\t\t<\/div>\n\t\t<\/section>\n\t\t\t\t<\/div>\n\t\t","protected":false},"excerpt":{"rendered":"<p>Euro Kalite\u00a0:\u00a0DC01 &#8211; DC03 &#8211; DC04 &#8211; DC05 \u00a0 Erdemir Kalite\u00a0:\u00a06112 &#8211; 6113 &#8211; 6114 &#8211; 6115 -7114 \u00a0 Geni\u015flik\u00a0:\u00a01000 &#8211; 1500 [&hellip;]<\/p>\n","protected":false},"author":1,"featured_media":0,"parent":0,"menu_order":0,"comment_status":"closed","ping_status":"closed","template":"","meta":{"footnotes":""},"class_list":["post-192","page","type-page","status-publish","hentry"],"_links":{"self":[{"href":"https:\/\/cecelidemir.com\/index.php\/wp-json\/wp\/v2\/pages\/192","targetHints":{"allow":["GET"]}}],"collection":[{"href":"https:\/\/cecelidemir.com\/index.php\/wp-json\/wp\/v2\/pages"}],"about":[{"href":"https:\/\/cecelidemir.com\/index.php\/wp-json\/wp\/v2\/types\/page"}],"author":[{"embeddable":true,"href":"https:\/\/cecelidemir.com\/index.php\/wp-json\/wp\/v2\/users\/1"}],"replies":[{"embeddable":true,"href":"https:\/\/cecelidemir.com\/index.php\/wp-json\/wp\/v2\/comments?post=192"}],"version-history":[{"count":3,"href":"https:\/\/cecelidemir.com\/index.php\/wp-json\/wp\/v2\/pages\/192\/revisions"}],"predecessor-version":[{"id":1657,"href":"https:\/\/cecelidemir.com\/index.php\/wp-json\/wp\/v2\/pages\/192\/revisions\/1657"}],"wp:attachment":[{"href":"https:\/\/cecelidemir.com\/index.php\/wp-json\/wp\/v2\/media?parent=192"}],"curies":[{"name":"wp","href":"https:\/\/api.w.org\/{rel}","templated":true}]}}