{"id":217,"date":"2018-10-01T13:58:08","date_gmt":"2018-10-01T10:58:08","guid":{"rendered":"https:\/\/cecelidemir.com\/?page_id=217"},"modified":"2024-02-05T09:24:18","modified_gmt":"2024-02-05T09:24:18","slug":"sanayi-borulari","status":"publish","type":"page","link":"https:\/\/cecelidemir.com\/index.php\/sanayi-borulari\/","title":{"rendered":"Sanayi Borular\u0131"},"content":{"rendered":"\t\t<div data-elementor-type=\"wp-page\" data-elementor-id=\"217\" class=\"elementor elementor-217\">\n\t\t\t\t<div class=\"elementor-element elementor-element-9d7e302 e-flex e-con-boxed e-con e-parent\" data-id=\"9d7e302\" data-element_type=\"container\" data-e-type=\"container\">\n\t\t\t\t\t<div class=\"e-con-inner\">\n\t\t<div class=\"elementor-element elementor-element-7c1bbc9 e-con-full e-flex e-con e-child\" data-id=\"7c1bbc9\" data-element_type=\"container\" data-e-type=\"container\">\n\t\t\t\t<div class=\"elementor-element elementor-element-df563ce elementor-widget elementor-widget-text-editor\" data-id=\"df563ce\" data-element_type=\"widget\" data-e-type=\"widget\" data-widget_type=\"text-editor.default\">\n\t\t\t\t<div class=\"elementor-widget-container\">\n\t\t\t\t\t\t\t\t\t<p><strong>Kalite\u00a0<\/strong>: S235JR &#8211; S275JR \u2013 S355JR\u00a0<\/p><p><strong>Standart<\/strong> : DIN 2394 \u2013 TS EN 10305-3 \u2013 TS EN 10219-2\u00a0<\/p><p><strong>D\u0131\u015f \u00c7ap\u00a0<\/strong>: 10 &#8211; 324 mm.<\/p><p><strong>Et Kal\u0131nl\u0131\u011f\u0131\u00a0<\/strong>: 0,6 \u2013 8 mm.<\/p><p><strong>Uzunluk\u00a0<\/strong>: 6 -12 m<\/p>\t\t\t\t\t\t\t\t<\/div>\n\t\t\t\t<\/div>\n\t\t\t\t<\/div>\n\t\t<div class=\"elementor-element elementor-element-72ebe32 e-con-full e-flex e-con e-child\" data-id=\"72ebe32\" data-element_type=\"container\" data-e-type=\"container\">\n\t\t\t\t<div class=\"elementor-element elementor-element-82181f1 elementor-widget elementor-widget-image\" data-id=\"82181f1\" data-element_type=\"widget\" data-e-type=\"widget\" data-widget_type=\"image.default\">\n\t\t\t\t<div class=\"elementor-widget-container\">\n\t\t\t\t\t\t\t\t\t\t\t\t\t\t\t<img fetchpriority=\"high\" decoding=\"async\" width=\"1024\" height=\"683\" src=\"https:\/\/cecelidemir.com\/wp-content\/uploads\/2024\/02\/3281-1024x683.jpg\" class=\"attachment-large size-large wp-image-1709\" alt=\"\" srcset=\"https:\/\/cecelidemir.com\/wp-content\/uploads\/2024\/02\/3281-1024x683.jpg 1024w, https:\/\/cecelidemir.com\/wp-content\/uploads\/2024\/02\/3281-300x200.jpg 300w, https:\/\/cecelidemir.com\/wp-content\/uploads\/2024\/02\/3281-768x512.jpg 768w, https:\/\/cecelidemir.com\/wp-content\/uploads\/2024\/02\/3281-1536x1024.jpg 1536w, https:\/\/cecelidemir.com\/wp-content\/uploads\/2024\/02\/3281-2048x1365.jpg 2048w, https:\/\/cecelidemir.com\/wp-content\/uploads\/2024\/02\/3281-1000x667.jpg 1000w, https:\/\/cecelidemir.com\/wp-content\/uploads\/2024\/02\/3281-230x153.jpg 230w, https:\/\/cecelidemir.com\/wp-content\/uploads\/2024\/02\/3281-350x233.jpg 350w, https:\/\/cecelidemir.com\/wp-content\/uploads\/2024\/02\/3281-480x320.jpg 480w\" sizes=\"(max-width: 1024px) 100vw, 1024px\" \/>\t\t\t\t\t\t\t\t\t\t\t\t\t\t\t<\/div>\n\t\t\t\t<\/div>\n\t\t\t\t<\/div>\n\t\t\t\t\t<\/div>\n\t\t\t\t<\/div>\n\t\t<div class=\"elementor-element elementor-element-8ddca6d e-flex e-con-boxed e-con e-parent\" data-id=\"8ddca6d\" data-element_type=\"container\" data-e-type=\"container\">\n\t\t\t\t\t<div class=\"e-con-inner\">\n\t\t\t\t<div class=\"elementor-element elementor-element-ac6396e elementor-widget elementor-widget-text-editor\" data-id=\"ac6396e\" data-element_type=\"widget\" data-e-type=\"widget\" data-widget_type=\"text-editor.default\">\n\t\t\t\t<div class=\"elementor-widget-container\">\n\t\t\t\t\t\t\t\t\t<p><strong>Genel Kullan\u0131m Alanlar\u0131;<\/strong><\/p><ul><li>Uzay \u00e7at\u0131 sistemleri imalat\u0131,<\/li><li>Bina iskele ve kal\u0131p sistemlerinde,<\/li><li>\u00c7elik Konstr\u00fcksiyon ve \u00e7elik \u00e7at\u0131 imalat\u0131,<\/li><li>Tar\u0131m sekt\u00f6r\u00fcnde serac\u0131l\u0131kta sulama ama\u00e7l\u0131,<\/li><li>Otomotiv ve otomotiv yan sanayi,<\/li><li>Beyaz e\u015fya \u0130malat\u0131,<\/li><li>Elektrikli ev aletleri,<\/li><li>Mobilya \u0130malat\u0131,<\/li><li>\u00c7elik e\u015fya \u0130malat\u0131,<\/li><li>Bisiklet \u0130malat\u0131,<\/li><li>Tekstil \u0130malat Sanayi,<\/li><li>Tar\u0131m ve Makine end\u00fcstrisi imalatlar\u0131nda,<\/li><li>Gemi in\u015fas\u0131 imalat\u0131,<\/li><li>Trafik \u0130\u015faret ve otoyol ekipmanlar\u0131 \u0130malat\u0131,<\/li><\/ul>\t\t\t\t\t\t\t\t<\/div>\n\t\t\t\t<\/div>\n\t\t\t\t\t<\/div>\n\t\t\t\t<\/div>\n\t\t\t\t<\/div>\n\t\t","protected":false},"excerpt":{"rendered":"<p>Kalite\u00a0: S235JR &#8211; S275JR \u2013 S355JR\u00a0 Standart : DIN 2394 \u2013 TS EN 10305-3 \u2013 TS EN 10219-2\u00a0 D\u0131\u015f \u00c7ap\u00a0: 10 &#8211; [&hellip;]<\/p>\n","protected":false},"author":1,"featured_media":0,"parent":0,"menu_order":0,"comment_status":"closed","ping_status":"closed","template":"","meta":{"footnotes":""},"class_list":["post-217","page","type-page","status-publish","hentry"],"_links":{"self":[{"href":"https:\/\/cecelidemir.com\/index.php\/wp-json\/wp\/v2\/pages\/217","targetHints":{"allow":["GET"]}}],"collection":[{"href":"https:\/\/cecelidemir.com\/index.php\/wp-json\/wp\/v2\/pages"}],"about":[{"href":"https:\/\/cecelidemir.com\/index.php\/wp-json\/wp\/v2\/types\/page"}],"author":[{"embeddable":true,"href":"https:\/\/cecelidemir.com\/index.php\/wp-json\/wp\/v2\/users\/1"}],"replies":[{"embeddable":true,"href":"https:\/\/cecelidemir.com\/index.php\/wp-json\/wp\/v2\/comments?post=217"}],"version-history":[{"count":9,"href":"https:\/\/cecelidemir.com\/index.php\/wp-json\/wp\/v2\/pages\/217\/revisions"}],"predecessor-version":[{"id":1715,"href":"https:\/\/cecelidemir.com\/index.php\/wp-json\/wp\/v2\/pages\/217\/revisions\/1715"}],"wp:attachment":[{"href":"https:\/\/cecelidemir.com\/index.php\/wp-json\/wp\/v2\/media?parent=217"}],"curies":[{"name":"wp","href":"https:\/\/api.w.org\/{rel}","templated":true}]}}