{"id":405,"date":"2018-10-05T09:22:39","date_gmt":"2018-10-05T06:22:39","guid":{"rendered":"https:\/\/cecelidemir.com\/?page_id=405"},"modified":"2018-10-05T09:22:39","modified_gmt":"2018-10-05T06:22:39","slug":"kalite-politikamiz","status":"publish","type":"page","link":"https:\/\/cecelidemir.com\/index.php\/kalite-politikamiz\/","title":{"rendered":"Kalite Politikam\u0131z"},"content":{"rendered":"<p align=\"left\">Ceceli Demir San. Ve Tic. A.\u015e. b\u00fcnyesinde demir \u00e7elik \u00fcr\u00fcnlerinin ticareti ve demir \u00e7eli\u011fe dayal\u0131 s\u0131nai faaliyetlerini y\u00fcr\u00fctmektedir.<\/p>\n<p>Temel hedefimiz; firmam\u0131zdan mal veya hizmet sat\u0131n alan m\u00fc\u015fterilerimizin ihtiya\u00e7lar\u0131n\u0131,<\/p>\n<ul>\n<li>\u0130stenilen \u00f6l\u00e7\u00fclerde<\/li>\n<li>\u0130stenilen zamanda<\/li>\n<li>\u0130stenilen kalite d\u00fczeyinde<\/li>\n<\/ul>\n<p>kar\u015f\u0131layarak memnuniyetlerini sa\u011flamakt\u0131r.<\/p>\n<p>M\u00fc\u015fteri taleplerinin temel hedeflerimiz do\u011frultusunda hatas\u0131z kar\u015f\u0131lanmas\u0131 ve meydana gelebilecek olumsuzluklar\u0131n en k\u0131sa s\u00fcrede \u00e7\u00f6z\u00fclebilmesi i\u00e7in personelimizin mesleki bilgi ve becerileri artt\u0131r\u0131lmakta; bu ama\u00e7la kurum i\u00e7i e\u011fitim ve denetim i\u015flemleri hassasiyetle yap\u0131l\u0131rken, bilimsel ve teknolojik geli\u015fmeler takip edilerek geli\u015fmelerden azami \u00f6l\u00e7\u00fcde yararlan\u0131lmaktad\u0131r.<\/p>\n<p>\u015eirketimiz, kurulu\u015fundan g\u00fcn\u00fcm\u00fcze kadar oldu\u011fu gibi bug\u00fcnden sonra da i\u015f ahlak\u0131n\u0131 ve d\u00fcr\u00fcstl\u00fck ilkesini \u00f6n planda tutarak, kurulmu\u015f bulunan Kalite Y\u00f6netim Sistemi etkinli\u011fi s\u00fcrekli geli\u015ftirilecek, m\u00fc\u015fterilerimizin g\u00fcven ve devaml\u0131l\u0131\u011f\u0131 t\u00fcm \u00e7al\u0131\u015fanlar\u0131m\u0131z\u0131n katk\u0131lar\u0131yla sa\u011flanacakt\u0131r.<\/p>\n<p>Kalite sistemi ile ilgili t\u00fcm kanun ve y\u00fck\u00fcml\u00fcl\u00fckler her zaman ve her i\u015fyerimizde yerine getirilmektedir.<\/p>\n<p>Kurulmu\u015f olan kalite y\u00f6netim\u00a0 sistemi t\u00fcm \u00e7al\u0131\u015fanlar\u0131m\u0131z\u0131n katk\u0131lar\u0131 ile s\u00fcrd\u00fcr\u00fclerek etkinli\u011fi s\u00fcrekli iyile\u015ftirilmektedir.<\/p>\n<p style=\"text-align: right;\" align=\"center\">\u015eerafeddin CECEL\u0130<\/p>\n<p style=\"text-align: right;\" align=\"center\">Y\u00f6netim Kurulu Ba\u015fkan\u0131<\/p>\n","protected":false},"excerpt":{"rendered":"<p>Ceceli Demir San. Ve Tic. A.\u015e. b\u00fcnyesinde demir \u00e7elik \u00fcr\u00fcnlerinin ticareti ve demir \u00e7eli\u011fe dayal\u0131 s\u0131nai faaliyetlerini y\u00fcr\u00fctmektedir. Temel hedefimiz; firmam\u0131zdan mal [&hellip;]<\/p>\n","protected":false},"author":1,"featured_media":0,"parent":0,"menu_order":0,"comment_status":"closed","ping_status":"closed","template":"","meta":{"footnotes":""},"class_list":["post-405","page","type-page","status-publish","hentry"],"_links":{"self":[{"href":"https:\/\/cecelidemir.com\/index.php\/wp-json\/wp\/v2\/pages\/405","targetHints":{"allow":["GET"]}}],"collection":[{"href":"https:\/\/cecelidemir.com\/index.php\/wp-json\/wp\/v2\/pages"}],"about":[{"href":"https:\/\/cecelidemir.com\/index.php\/wp-json\/wp\/v2\/types\/page"}],"author":[{"embeddable":true,"href":"https:\/\/cecelidemir.com\/index.php\/wp-json\/wp\/v2\/users\/1"}],"replies":[{"embeddable":true,"href":"https:\/\/cecelidemir.com\/index.php\/wp-json\/wp\/v2\/comments?post=405"}],"version-history":[{"count":0,"href":"https:\/\/cecelidemir.com\/index.php\/wp-json\/wp\/v2\/pages\/405\/revisions"}],"wp:attachment":[{"href":"https:\/\/cecelidemir.com\/index.php\/wp-json\/wp\/v2\/media?parent=405"}],"curies":[{"name":"wp","href":"https:\/\/api.w.org\/{rel}","templated":true}]}}