{"id":963,"date":"2023-06-11T02:23:26","date_gmt":"2023-06-10T23:23:26","guid":{"rendered":"https:\/\/cecelidemir.com\/?page_id=963"},"modified":"2024-02-05T08:59:06","modified_gmt":"2024-02-05T08:59:06","slug":"gozyasi-desenli-saclar","status":"publish","type":"page","link":"https:\/\/cecelidemir.com\/index.php\/gozyasi-desenli-saclar\/","title":{"rendered":"G\u00f6zya\u015f\u0131 Desenli Saclar"},"content":{"rendered":"\t\t<div data-elementor-type=\"wp-page\" data-elementor-id=\"963\" class=\"elementor elementor-963\">\n\t\t\t\t\t\t<section class=\"elementor-section elementor-top-section elementor-element elementor-element-773ce3d elementor-section-boxed elementor-section-height-default elementor-section-height-default\" data-id=\"773ce3d\" data-element_type=\"section\" data-e-type=\"section\">\n\t\t\t\t\t\t<div class=\"elementor-container elementor-column-gap-default\">\n\t\t\t\t\t<div class=\"elementor-column elementor-col-50 elementor-top-column elementor-element elementor-element-78ba866\" data-id=\"78ba866\" data-element_type=\"column\" data-e-type=\"column\">\n\t\t\t<div class=\"elementor-widget-wrap elementor-element-populated\">\n\t\t\t\t\t\t<div class=\"elementor-element elementor-element-666430d elementor-widget elementor-widget-text-editor\" data-id=\"666430d\" data-element_type=\"widget\" data-e-type=\"widget\" data-widget_type=\"text-editor.default\">\n\t\t\t\t<div class=\"elementor-widget-container\">\n\t\t\t\t\t\t\t\t\t<p class=\"content-p first-p\" style=\"padding: 0px; margin: 0px; -webkit-tap-highlight-color: transparent; line-height: 1.5; color: #646266; font-family: Verdana, sans-serif;\"><span style=\"color: #000000;\">Bask\u0131l\u0131 sac\u00a0modelleri farkl\u0131 alternatif dizaynlar\u0131yla \u00fcretilen \u00fcr\u00fcnlerdir. Demir ve \u00e7elik sekt\u00f6r\u00fcnde s\u0131kl\u0131kla kullan\u0131lan\u00a0bask\u0131l\u0131 sac\u00a0y\u00f6ntem ve mekanik \u00f6zellikleri tercih edece\u011finiz \u00fcr\u00fcn\u00fcn t\u00fcr\u00fcne g\u00f6re de\u011fi\u015febilmektedir. Bir dizi prosed\u00fcrden ge\u00e7irildikten sonra nihai olarak sac bi\u00e7imini alan\u00a0bask\u0131l\u0131 saclar\u00a0kullan\u0131m alanlar\u0131na g\u00f6re bask\u0131lar verimli bir bi\u00e7imde kullan\u0131lmaya haz\u0131r hale gelir.<\/span><\/p><p class=\"content-p\" style=\"padding: 0px; margin: 0px; -webkit-tap-highlight-color: transparent; line-height: 1.5; color: #646266; font-family: Verdana, sans-serif;\"><span style=\"color: #000000;\">Yurt i\u00e7i ve yurt d\u0131\u015f\u0131 pazarlarda \u00e7ok fazla tercih edilen bask\u0131l\u0131 saclar\u00a00 mm ile 2,00\u00a0mm aras\u0131ndaki kal\u0131nl\u0131klara sahiptir. Boylar\u0131n\u0131n ise 4000 mm\u2019ye kadar \u00e7\u0131kabildi\u011fi bilinmektedir. Ebatlar konusu ile ilgili esnek bir hareket alan\u0131 ortaya \u00e7\u0131kartabilen\u00a0bask\u0131l\u0131 saclar\u00a0standart \u00f6l\u00e7\u00fclere ba\u011fl\u0131 olarak sunuldu\u011fu gibi bunun yan\u0131 s\u0131ra \u015fahsi tercihlerinize g\u00f6re de sizlere sunulmaktad\u0131r.<\/span><\/p>\t\t\t\t\t\t\t\t<\/div>\n\t\t\t\t<\/div>\n\t\t\t\t\t<\/div>\n\t\t<\/div>\n\t\t\t\t<div class=\"elementor-column elementor-col-50 elementor-top-column elementor-element elementor-element-47adf11\" data-id=\"47adf11\" data-element_type=\"column\" data-e-type=\"column\">\n\t\t\t<div class=\"elementor-widget-wrap elementor-element-populated\">\n\t\t\t\t\t\t<div class=\"elementor-element elementor-element-6e67806 elementor-widget elementor-widget-image\" data-id=\"6e67806\" data-element_type=\"widget\" data-e-type=\"widget\" data-widget_type=\"image.default\">\n\t\t\t\t<div class=\"elementor-widget-container\">\n\t\t\t\t\t\t\t\t\t\t\t\t\t\t\t<img fetchpriority=\"high\" decoding=\"async\" width=\"1024\" height=\"576\" src=\"https:\/\/cecelidemir.com\/wp-content\/uploads\/2024\/02\/gozyasi-desenli-sac.webp\" class=\"attachment-large size-large wp-image-1670\" alt=\"\" srcset=\"https:\/\/cecelidemir.com\/wp-content\/uploads\/2024\/02\/gozyasi-desenli-sac.webp 1024w, https:\/\/cecelidemir.com\/wp-content\/uploads\/2024\/02\/gozyasi-desenli-sac-300x169.webp 300w, https:\/\/cecelidemir.com\/wp-content\/uploads\/2024\/02\/gozyasi-desenli-sac-768x432.webp 768w, https:\/\/cecelidemir.com\/wp-content\/uploads\/2024\/02\/gozyasi-desenli-sac-1000x563.webp 1000w, https:\/\/cecelidemir.com\/wp-content\/uploads\/2024\/02\/gozyasi-desenli-sac-230x129.webp 230w, https:\/\/cecelidemir.com\/wp-content\/uploads\/2024\/02\/gozyasi-desenli-sac-350x197.webp 350w, https:\/\/cecelidemir.com\/wp-content\/uploads\/2024\/02\/gozyasi-desenli-sac-480x270.webp 480w\" sizes=\"(max-width: 1024px) 100vw, 1024px\" \/>\t\t\t\t\t\t\t\t\t\t\t\t\t\t\t<\/div>\n\t\t\t\t<\/div>\n\t\t\t\t\t<\/div>\n\t\t<\/div>\n\t\t\t\t\t<\/div>\n\t\t<\/section>\n\t\t\t\t<section class=\"elementor-section elementor-top-section elementor-element elementor-element-74ca881 elementor-section-boxed elementor-section-height-default elementor-section-height-default\" data-id=\"74ca881\" data-element_type=\"section\" data-e-type=\"section\">\n\t\t\t\t\t\t<div class=\"elementor-container elementor-column-gap-default\">\n\t\t\t\t\t<div class=\"elementor-column elementor-col-100 elementor-top-column elementor-element elementor-element-cc074ed\" data-id=\"cc074ed\" data-element_type=\"column\" data-e-type=\"column\">\n\t\t\t<div class=\"elementor-widget-wrap elementor-element-populated\">\n\t\t\t\t\t\t<div class=\"elementor-element elementor-element-7bf97aa elementor-widget elementor-widget-text-editor\" data-id=\"7bf97aa\" data-element_type=\"widget\" data-e-type=\"widget\" data-widget_type=\"text-editor.default\">\n\t\t\t\t<div class=\"elementor-widget-container\">\n\t\t\t\t\t\t\t\t\t<p><span style=\"color: #000000;\"><strong>Euro Kalite\u00a0<\/strong>:\u00a0S235JR &#8211; S235JR(Cu) &#8211; RST37-2<\/span><\/p><p><span style=\"color: #000000;\"><strong>Erdemir Kalite\u00a0<\/strong>:\u00a03237 &#8211; 3281 &#8211; 3937<\/span><\/p><p><span style=\"color: #000000;\"><strong>Ebat\u00a0<\/strong>:\u00a01000&#215;2000 &#8211; 1250&#215;2500 mm<\/span><\/p><p><span style=\"color: #000000;\"><strong>Et Kal\u0131nl\u0131\u011f\u0131\u00a0<\/strong>\u00a0:\u00a01,20 &#8211; 1,50 mm<\/span><\/p>\t\t\t\t\t\t\t\t<\/div>\n\t\t\t\t<\/div>\n\t\t\t\t\t<\/div>\n\t\t<\/div>\n\t\t\t\t\t<\/div>\n\t\t<\/section>\n\t\t\t\t<section class=\"elementor-section elementor-top-section elementor-element elementor-element-963985a elementor-section-boxed elementor-section-height-default elementor-section-height-default\" data-id=\"963985a\" data-element_type=\"section\" data-e-type=\"section\">\n\t\t\t\t\t\t<div class=\"elementor-container elementor-column-gap-default\">\n\t\t\t\t\t<div class=\"elementor-column elementor-col-100 elementor-top-column elementor-element elementor-element-62031c1\" data-id=\"62031c1\" data-element_type=\"column\" data-e-type=\"column\">\n\t\t\t<div class=\"elementor-widget-wrap elementor-element-populated\">\n\t\t\t\t\t\t<div class=\"elementor-element elementor-element-e7b7cc1 elementor-widget elementor-widget-heading\" data-id=\"e7b7cc1\" data-element_type=\"widget\" data-e-type=\"widget\" data-widget_type=\"heading.default\">\n\t\t\t\t<div class=\"elementor-widget-container\">\n\t\t\t\t\t<h3 class=\"elementor-heading-title elementor-size-default\">Kullan\u0131m Alanlar\u0131<\/h3>\t\t\t\t<\/div>\n\t\t\t\t<\/div>\n\t\t\t\t<div class=\"elementor-element elementor-element-dc1cf02 elementor-widget elementor-widget-text-editor\" data-id=\"dc1cf02\" data-element_type=\"widget\" data-e-type=\"widget\" data-widget_type=\"text-editor.default\">\n\t\t\t\t<div class=\"elementor-widget-container\">\n\t\t\t\t\t\t\t\t\t<p class=\"content-p first-p\" style=\"padding: 0px; margin: 0px; -webkit-tap-highlight-color: transparent; line-height: 1.5; color: #646266; font-family: Verdana, sans-serif;\"><span style=\"color: #000000;\">Bask\u0131l\u0131 saclar\u00a0farkl\u0131 sekt\u00f6rlerde tercih edilmektedir.\u00a0Taban y\u00fczeyinde kullan\u0131lan bask\u0131l\u0131 saclar, kaymayan y\u00fczeyleri m\u00fcmk\u00fcn k\u0131lan bask\u0131l\u0131 saclar y\u00fcr\u00fcy\u00fc\u015f yollar\u0131, kamyon ve t\u0131r kasalar\u0131, rampalar ve gemi y\u00fczeyleriyle deniz kenar\u0131ndaki tesislerde de kullan\u0131lmaktad\u0131r. Dekorasyon ama\u00e7l\u0131 \u015feklinde de binalar\u0131n d\u0131\u015f cephesinde kullan\u0131lan bask\u0131l\u0131 saclar g\u00fcndelik hayat\u0131n bir\u00e7ok farkl\u0131 noktas\u0131nda kar\u015f\u0131la\u015fabilece\u011finiz saclard\u0131r.<\/span><\/p><p class=\"content-p\" style=\"padding: 0px; margin: 0px; -webkit-tap-highlight-color: transparent; line-height: 1.5; color: #646266; font-family: Verdana, sans-serif;\"><span style=\"color: #000000;\">Bask\u0131l\u0131 saclar d\u00fcnya kalite standartlar\u0131nda sizlere sunulan \u00fcr\u00fcnlerdir. Her biri farkl\u0131 kullan\u0131m alan\u0131yla \u00f6n plana \u00e7\u0131kan bask\u0131l\u0131 saclar\u0131n fiyatlar\u0131 tercih edece\u011finiz \u00fcr\u00fcn\u00fcn y\u00f6ntem \u00f6zelliklerine g\u00f6re farkl\u0131 fiyatland\u0131r\u0131lmaktad\u0131r. Fiyatlar aras\u0131nda her ki\u015finin b\u00fct\u00e7esine makul fiyat se\u00e7enekleri bulunmaktad\u0131r.<\/span><\/p>\t\t\t\t\t\t\t\t<\/div>\n\t\t\t\t<\/div>\n\t\t\t\t\t<\/div>\n\t\t<\/div>\n\t\t\t\t\t<\/div>\n\t\t<\/section>\n\t\t\t\t<\/div>\n\t\t","protected":false},"excerpt":{"rendered":"<p>Bask\u0131l\u0131 sac\u00a0modelleri farkl\u0131 alternatif dizaynlar\u0131yla \u00fcretilen \u00fcr\u00fcnlerdir. Demir ve \u00e7elik sekt\u00f6r\u00fcnde s\u0131kl\u0131kla kullan\u0131lan\u00a0bask\u0131l\u0131 sac\u00a0y\u00f6ntem ve mekanik \u00f6zellikleri tercih edece\u011finiz \u00fcr\u00fcn\u00fcn t\u00fcr\u00fcne g\u00f6re [&hellip;]<\/p>\n","protected":false},"author":1,"featured_media":0,"parent":0,"menu_order":0,"comment_status":"closed","ping_status":"closed","template":"","meta":{"footnotes":""},"class_list":["post-963","page","type-page","status-publish","hentry"],"_links":{"self":[{"href":"https:\/\/cecelidemir.com\/index.php\/wp-json\/wp\/v2\/pages\/963","targetHints":{"allow":["GET"]}}],"collection":[{"href":"https:\/\/cecelidemir.com\/index.php\/wp-json\/wp\/v2\/pages"}],"about":[{"href":"https:\/\/cecelidemir.com\/index.php\/wp-json\/wp\/v2\/types\/page"}],"author":[{"embeddable":true,"href":"https:\/\/cecelidemir.com\/index.php\/wp-json\/wp\/v2\/users\/1"}],"replies":[{"embeddable":true,"href":"https:\/\/cecelidemir.com\/index.php\/wp-json\/wp\/v2\/comments?post=963"}],"version-history":[{"count":3,"href":"https:\/\/cecelidemir.com\/index.php\/wp-json\/wp\/v2\/pages\/963\/revisions"}],"predecessor-version":[{"id":1673,"href":"https:\/\/cecelidemir.com\/index.php\/wp-json\/wp\/v2\/pages\/963\/revisions\/1673"}],"wp:attachment":[{"href":"https:\/\/cecelidemir.com\/index.php\/wp-json\/wp\/v2\/media?parent=963"}],"curies":[{"name":"wp","href":"https:\/\/api.w.org\/{rel}","templated":true}]}}